factors of 7679819?
7, 19, 73, 113
What are the prime factors of 35622?
2, 3, 1979
What are the prime factors of 780?
2, 3, 5, 13
What are the prime factors of 384615?
3, 5, 7, 11, 37
What are the prime factors of 1624873?
89, 18257
List the prime factors of 29163073.
43, 678211
What are the prime factors of 7397332?
2, 1849333
List the prime factors of 176268.
2, 3, 37, 397
What are the prime factors of 385136?
2, 24071
List the prime factors of 448520.
2, 5, 11213
List the prime factors of 26243902.
2, 19, 690629
List the prime factors of 2433329.
17, 143137
What are the prime factors of 3917466?
2, 3, 7, 31091
What are the prime factors of 133516?
2, 29, 1151
List the prime factors of 1566473.
71, 22063
List the prime factors of 99106.
2, 7, 7079
What are the prime factors of 7645567?
379, 20173
List the prime factors of 135933.
3, 7, 6473
What are the prime factors of 6570701?
41, 43, 3727
What are the prime factors of 5886712?
2, 13, 23, 107
What are the prime factors of 2641022?
2, 251, 5261
List the prime factors of 1108865.
5, 221773
List the prime factors of 1395199.
13, 107323
List the prime factors of 189148.
2, 47287
List the prime factors of 8222444.
2, 2055611
What are the prime factors of 4670267?
7, 667181
List the prime factors of 613777.
59, 101, 103
What are the prime factors of 17674817?
17674817
List the prime factors of 930894.
2, 3, 113, 1373
List the prime factors of 100102.
2, 50051
What are the prime factors of 62132?
2, 7, 317
What are the prime factors of 7703573?
89, 101, 857
List the prime factors of 6472060.
2, 5, 7, 46229
What are the prime factors of 10048682?
2, 7, 19, 37, 1021
What are the prime factors of 77946?
2, 3, 11, 1181
What are the prime factors of 4994188?
2, 19, 65713
What are the prime factors of 110016?
2, 3, 191
What are the prime factors of 173156?
2, 73, 593
What are the prime factors of 1805408?
2, 11, 23, 223
What are the prime factors of 23972924?
2, 17, 352543
List the prime factors of 1202941.
53, 22697
List the prime factors of 376096.
2, 7, 23, 73
List the prime factors of 176782.
2, 157, 563
What are the prime factors of 329614?
2, 29, 5683
List the prime factors of 28732616.
2, 11, 79, 4133
List the prime factors of 5278096.
2, 107, 3083
List the prime factors of 308945.
5, 7, 13, 97
What are the prime factors of 8142090?
2, 3, 5, 11, 2243
List the prime factors of 3225621.
3, 7, 21943
List the prime factors of 16530217.
11, 1502747
What are the prime factors of 380522?
2, 190261
What are the prime factors of 1657535?
5, 11, 30137
List the prime factors of 3023.
3023
What are the prime factors of 397569?
3, 132523
List the prime factors of 176695.
5, 35339
What are the prime factors of 3573740?
2, 5, 17, 23, 457
List the prime factors of 1989147.
3, 663049
What are the prime factors of 10227838?
2, 281, 18199
List the prime factors of 726030.
2, 3, 5, 2689
What are the prime factors of 1432307?
37, 38711
List the prime factors of 135674.
2, 7, 11, 881
What are the prime factors of 115018?
2, 131, 439
What are the prime factors of 106085?
5, 7, 433
What are the prime factors of 1480850?
2, 5, 7, 4231
List the prime factors of 6936007.
13, 19, 28081
List the prime factors of 407771.
7, 13, 4481
List the prime factors of 327614.
2, 7, 3343
What are the prime factors of 1144586?
2, 163, 3511
What are the prime factors of 21306489?
3, 113, 62851
List the prime factors of 914482.
2, 457241
What are the prime factors of 15929883?
3, 1769987
What are the prime factors of 24109612?
2, 23, 71, 3691
List the prime factors of 9951559.
659, 15101
List the prime factors of 26172381.
3, 8724127
What are the prime factors of 5612338?
2, 2806169
What are the prime factors of 262785?
3, 5, 17519
What are the prime factors of 157793?
157793
List the prime factors of 789747.
3, 7, 37607
What are the prime factors of 180158?
2, 11, 19, 431
List the prime factors of 11678728.
2, 17, 79, 1087
List the prime factors of 3340312.
2, 31, 13469
List the prime factors of 24794534.
2, 17, 137, 5323
What are the prime factors of 1840417?
37, 49741
What are the prime factors of 24454513?
199, 122887
List the prime factors of 853.
853
List the prime factors of 18909953.
887, 21319
List the prime factors of 7552155.
3, 5, 13, 38729
List the prime factors of 4572488.
2, 29, 19709
List the prime factors of 1390876.
2, 19, 18301
What are the prime factors of 3955698?
2, 3, 219761
What are the prime factors of 845602?
2, 157, 2693
What are the prime factors of 912600?
2, 3, 5, 13
What are the prime factors of 4026122?
2, 61, 541
List the prime factors of 5196044.
2, 7, 19, 9767
What are the prime factors of 3220809?
3, 1073603
List the prime factors of 16181506.
2, 11, 37, 103, 193
What are the prime factors of 1723339?
1723339
What are the prime factors of 1420414?
2, 710207
What are the prime factors of 713987?
713987
What are the prime factors of 739148?
2, 41, 4507
List the prime factors of 3564401.
79, 45119
List the prime factors of 2111572.
2, 67, 7879
List the prime factors of 351269.
351269
List the prime factors of 180317.
180317
What are the prime factors of 207109?
7, 29587
List the prime factors of 72552.
2, 3, 3023
List the prime factors of 228551.
19, 23, 523
List the prime factors of 9976936.
2, 1247117
List the prime factors of 9775412.
2, 367, 6659
What are the prime factors of 4344517?
4344517
What are the prime factors of 473005?
5, 13, 19, 383
List the prime factors of 3453577.
1811, 1907
List the prime factors of 175796.
2, 71, 619
What are the prime factors of 152311?
152311
List the prime factors of 148957.
148957
List the prime factors of 71773.
13, 5521
List the prime factors of 330095.
5, 107, 617
List the prime factors of 12839762.
2, 13, 379, 1303
List the prime factors of 1584350.
2, 5, 31687
What are the prime factors of 202781?
199, 1019
What are the prime factors of 4792348?
2, 11, 108917
List the prime factors of 241970.
2, 5, 24197
What are the prime factors of 250927?
59, 4253
List the prime factors of 817132.
2, 67, 3049
What are the prime factors of 55940?
2, 5, 2797
What are the prime factors of 13449235?
5, 89, 30223
What are the prime factors of 3535596?
2, 3, 19, 1723
What are the prime factors of 117337?
11, 10667
What are the prime factors of 5294563?
5294563
What are the prime factors of 174028?
2, 139, 313
List the prime factors of 3447170.
2, 5, 19, 18143
List the prime factors of 83294.
2, 41647
What are the prime factors of 116923?
116923
What are the prime factors of 142194?
2, 3, 13, 1823
What are the prime factors of 92039?
31, 2969
List the prime factors of 2471129.
953, 2593
What are the prime factors of 9477377?
7, 13, 104147
What are the prime factors of 695413?
53, 13121
List the prime factors of 255706.
2, 11, 59, 197
List the prime factors of 596859.
3, 198953
What are the prime factors of 4592950?
2, 5, 97, 947
List the prime factors of 9147165.
3, 5, 379, 1609
What are the prime factors of 28776?
2, 3, 11, 109
What are the prime factors of 3355439?
3355439
What are the prime factors of 488246?
2, 11, 22193
List the prime factors of 17296173.
3, 213533
List the prime factors of 8055776.
2, 227, 1109
List the prime factors of 1996918.
2, 7, 11, 12967
What are the prime factors of 897177?
3, 299059
List the prime factors of 21469199.
41, 523639
List the prime factors of 1468129.
13, 31, 3643
What are the prime factors of 15834344?
2, 17, 173, 673
What are the prime factors of 11821271?
7, 11, 153523
What are the prime factors of 8178721?
19, 41, 10499
What are the prime factors of 1603760?
2, 5, 20047
What are the prime factors of 543691?
157, 3463
List the prime factors of 2028950.
2, 5, 7, 11, 17, 31
List the prime factors of 2910737.
61, 47717
What are the prime factors of 28146?
2, 3, 4691
What are the prime factors of 38427?
3, 12809
List the prime factors of 24187271.
1223, 19777
List the prime factors of 5223639.
3, 1741213
What are the prime factors of 3870294?
2, 3, 645049
What are the prime factors of 141834?
2, 3, 7, 11, 307
What are the prime factors of 908816?
2, 79, 719
What are the prime factors of 1343495?
5, 47, 5717
List the prime factors of 146293.
7, 20899
List the prime factors of 1014062.
2, 7, 113, 641
List the prime factors of 211816.
2